t a(y) be the third derivative of -y**6/120 - 3*y**5/20 - 4*y**3/3 - 7*y**2. What is a(u)?
-8
Let i = -316 + 373. Let a(x) = -i*x**2 - 3*x - x**3 + 108*x**2 - 1 - 56*x**2 + 10*x. Give a(-6).
-7
Let i(b) be the first derivative of -b**3/3 + 3*b**2/2 - 2*b - 595. Let y(t) = -t**2 + 5*t - 1. Let h be y(4). Give i(h).
-2
Suppose 0 = 68*x - 312 + 40. Let r(l) = l - 5*l + 3*l**2 - 23*l**2. Let u(d) = 19*d**2 + 3*d. Let i(t) = x*u(t) + 3*r(t). Give i(-1).
16
Let d = 4 + -2. Let f be -2*(-1)/d*-1. Let n(k) = -157*k + 5. Let v(h) = 98*h - 3. Let t(w) = -5*n(w) - 8*v(w). Determine t(f).
-2
Let o(j) = 5*j**2 - 6*j - 7. Suppose -3*k + t + 6 = -6, 3*t = -4*k + 29. Determine o(k).
88
Suppose 150*t = 145*t + 15. Let w(b) = t + 11 - 6*b + 5*b + b**2 + 0*b**2. What is w(0)?
14
Suppose 0 = 8*h + 3*h - 88. Let s(y) = -8*y**2 + 1269 - 633 - h*y + y**3 - 635. Determine s(9).
10
Suppose 5*b = 5*k - 5, 6*b - 2*b = 3*k + 1. Suppose b*f + 124 = 104. Let l(q) = -q + 2. What is l(f)?
7
Suppose -180 = 145*c - 89 - 961. Let g(p) be the third derivative of 11/120*p**c + 1/6*p**3 + 1/60*p**5 + 0 - 1/24*p**4 - 15*p**2 + 0*p. Determine g(1).
12
Let o(c) = 2*c**2 + 2*c + 6536*c**3 - 45 + 46 + 0*c - 6537*c**3. Let f = 3 - 4. Determine o(f).
2
Let x(z) = 49*z**3 + 2*z - 3. Let t be x(1). Suppose t = -a - 2*h - 17, 12 = 4*h. Let s = -80 - a. Let n(d) = -d**3 - 9*d**2 + d + 10. Determine n(s).
1
Let p(c) = -331*c**3 + 28*c**2 - 21*c - 11. Let g(u) = 147*u**3 - 13*u**2 + 10*u + 4. Let q(d) = -9*g(d) - 4*p(d). Let x be (1 + 0 + -7)*1. Calculate q(x).
8
Let y(i) = -i**3 + 17*i**2 - 30*i + 3. Let x be y(15). Let f(h) = -h + h + 34*h**3 + 2 + 5*h**2 - 35*h**x. Determine f(5).
2
Let u(w) = w**3 + 11*w**2 + 33*w + 23. Let l be u(-5). Let v(o) = -6*o + 78. Determine v(l).
30
Let j(z) be the second derivative of -z**4/12 + 2*z**3/3 + z**2/2 - 12*z. Let k be 9/((-135)/10) - (-438)/9. Let y = 50 - k. Determine j(y).
5
Let m(l) be the second derivative of -l**3/3 - 15*l**2 - l + 129. Determine m(-23).
16
Let w(c) = c**2 + 6*c - 7. Let m = 69 + -55. Suppose -m*o = -9*o - 15. Suppose -50 = o*y - 32. What is w(y)?
-7
Let c(g) = 4*g**3 + 279*g**2 - 78*g - 560. Let i be c(-70). Let o(l) = l**3 + l**2 - 3*l + 48. Determine o(i).
48
Let p(o) = -2*o**3 - 68*o**2 - 291*o - 34. Let j be p(-29). Let h(b) = b**2 + 8*b + 12. Calculate h(j).
-3
Suppose -2*g = -4*f + 22, 2*g + f = 166 - 168. Let o(i) = -22*i**2 - 66*i - 6. What is o(g)?
-6
Let m(i) = -5*i + 9. Suppose -4*t + 2 = -14, 4 = c + 4*t. Let w(j) = -2*j**3 - 23*j**2 + 14*j + 30. Let k be w(c). What is m(k)?
-21
Let n(h) = 8*h - 54. Let j(v) = -4*v + 27. Let d(p) = -7*j(p) - 4*n(p). Suppose -i = 4*s - 32, 4*s - 7*i + 3*i - 32 = 0. Calculate d(s).
-5
Let o(t) = -2*t + 7. Let x be (-5*3/(-15))/((-4)/(-2812)). Suppose -7*v = 626 - x. What is o(v)?
-15
Let r(t) = t**3 - 2*t - 1. Let g(i) = -4*i**3 - i**2. Let c(z) = -g(z) + r(z). Calculate c(2).
39
Let c(u) = u + 13. Let i(k) = 16 - 7 - 5 - 7. Let o(t) = -c(t) - 2*i(t). Give o(9).
-16
Let n(v) = -9*v**3 - v**2. Let u be (-16)/24 + (16/12)/2. Suppose u = 13*r - 23*r - 10. What is n(r)?
8
Let d(s) = s**3 - 5*s**2 - 11*s + 4. Let y = 399 - 400. Let b(o) = o**2 - o. Let v(f) = y*d(f) + 2*b(f). Give v(8).
4
Let z(c) = -4*c**2 - 10*c - 3. Let a be z(-2). Let n(h) = 14*h - h**2 - 5 - a - 6*h. Suppose -5*s = -4 - 21. Give n(s).
9
Let j be ((-1)/2)/(31/(-124)). Suppose j*q - 17 = c, -q + 4*c + 20 = -6. Let d(p) = -p**3 + 5*p**2 + 8*p - 13. Give d(q).
-1
Suppose -2*t = -3*j - 9, -4*t + j + 0*j + 13 = 0. Let v = t - -3. Let x(f) be the third derivative of -f**5/60 + 5*f**4/24 + 7*f**3/6 - 2194*f**2. What is x(v)?
1
Let v = -318 + 320. Let b(w) = -15*w - 1. Determine b(v).
-31
Let b = 6539 - 6542. Let k(t) = -6*t - 1. Give k(b).
17
Let q be 1 - (6 - 10 - 3). Suppose -9*g - q = -8*g. Let j(p) = p**3 + 9*p**2 + 6*p - 8. Give j(g).
8
Let j(k) be the third derivative of k**4/12 + k**3 + 221*k**2. Let m(n) = 6*n + 17. Let c(o) = -11*j(o) + 4*m(o). What is c(-5)?
-8
Let a(y) = 6*y**2 - 7*y - 50. Let v(k) = -5*k**2 + 10*k + 47. Let f(w) = -6*a(w) - 7*v(w). Give f(-25).
46
Suppose -3*q + 5*m = 44, 23*q + 22 = 21*q - 4*m. Let h(r) = -6*r - 82. Calculate h(q).
-4
Suppose -4*n + 3*n - 3*o + 10 = 0, 4*n - 2*o + 16 = 0. Let g(a) = -992*a - 4*a**2 - 1000*a + 1989*a - 3. Give g(n).
-13
Let i(p) = 5*p - 11 + 3 + 14 - p**3 + 4*p**2. Suppose -5 = -5*g - 4*u, -3*g + u = 6*u - 3. Let j be 26/5 + g/(-5). Calculate i(j).
6
Let r(z) = -10*z**2 - 1. Let g(f) = 21*f**2 + 36*f + 37. Let i(u) = -g(u) - 2*r(u). Give i(-35).
0
Let p(c) = -10*c**2 - 40*c + 37. Let n(j) = 43*j**2 + 159*j - 145. Let g(t) = 3*n(t) + 13*p(t). What is g(-44)?
2
Let h(s) be the first derivative of s**3/3 + 3*s**2/2 + 3*s - 1669. Determine h(-2).
1
Let i(m) = 2*m**3 - 4*m**2 - 4*m - 11. Let y be i(3). Let j(w) = -w**2 - 6*w - 6. Determine j(y).
-1
Let w(q) = -q**3 + 7*q**2 - q + 2. Let g be w(7). Let v(h) be the first derivative of -h**4/4 - 4*h**3/3 + 2*h**2 - h - 56980. Give v(g).
4
Let p(n) = 3*n**2 + 82*n + 159. Let d be p(-25). Let j(v) = v**2 + 15*v - 20. Determine j(d).
-4
Let v be 1 - -2*5/(-10). Let z(k) = -k**2 + 124*k - 116*k + v*k**2 + 13. What is z(9)?
4
Let f(z) = 0*z + 3 - z - 6. Let g(k) = -4*k**2 + 19*k + 20. Let j be g(-6). Let x = 229 + j. Determine f(x).
6
Suppose 0 = -5*d - 16 - 19. Let o(i) = -i**2 - 10*i - 18. Let x be o(d). Let l(j) = -12*j**2 + 4 + 5*j**2 - 7 - 7*j - j**x. What is l(-6)?
3
Let i = 70 - 96. Let k = i + 28. Let y(h) = 12*h**2 + 5*h - 12*h**2 - h**k + 4*h**2 - h**3. Determine y(4).
4
Let l(w) be the third derivative of -w**6/36 - w**5/40 + w**4/8 + 3*w**3 + 173*w**2. Let d(n) be the first derivative of l(n). Calculate d(2).
-43
Let j(v) be the first derivative of 4*v**3/3 - 9*v**2/2 - 7*v + 667. Give j(6).
83
Let x be 6/(-9)*-1*6. Let b(j) = -j - 7*j + x*j**2 - 4 - 5*j**2. Let g be ((-9 + 8)*-4)/((-4)/8). What is b(g)?
-4
Let z(p) = -p + 13. Suppose -d = 7*d - 64. Suppose 0 = 7*b - d*b + 15. Determine z(b).
-2
Let i(b) = b**3 + 3*b**2 - 6*b - 3. Let q be 12/(-48) - (-4)/(80/(-55)). Give i(q).
15
Let y = 101 + -99. Suppose -1 - y = -a. Suppose -5*x = 4*s + 23, -5*s - 4 = -a*x + x. Let v(m) = 3*m**2 - m - 2. Determine v(s).
12
Let l(x) = -x**3 - 10*x**2 - 3*x + 17. Let r = -616 + 606. Determine l(r).
47
Let b(w) be the second derivative of w**3/6 + 7*w**2/2 - w. Let c = 42495 + -42501. Give b(c).
1
Let h = 30 + -28. Suppose -l - 3*t - 7 - 1 = 0, h*l + t = -6. Let j(b) = b + 5*b - 1 + 7*b - 3*b. Calculate j(l).
-21
Let u(l) = l + 29. Let k = -3221 + 3204. Give u(k).
12
Suppose -4*k = -2*r + 40, r + 4*r = 3*k + 128. Let v be (-7)/r + 106/8. Let s(a) = 2*a - 2 + v*a - 6*a - 3*a + a**3 - 6*a**2. What is s(5)?
3
Let u(h) = -759*h + 131. Let y(n) = -269*n + 44. Let w(f) = -6*u(f) + 17*y(f). What is w(6)?
-152
Let o(n) = n**3 - 22*n**2 - 29*n - 448. Let m be o(24). Let t(q) = q**3 - 9*q**2 + 10*q - 9. Determine t(m).
7
Let g(s) = -s**3 + 2*s**2 + 4*s + 1. Let v(c) = -9*c - 27. Let h be v(-4). Let q be 60/(-80) + h/(-24)*-10. Calculate g(q).
4
Let r(f) = -f**3 - 4*f**2 + 10*f - 3. Suppose u + 38*u + 198 = 6*u. Calculate r(u).
9
Let y(q) = -q**3 + 9*q**2 - q + 3. Let o be y(0). Let j(d) be the first derivative of -7/3*d**o - 9*d - 32 - 1/4*d**4 - 5*d**2. Give j(-6).
15
Suppose 88*r = 492 + 916. Let p(b) be the second derivative of -b**4/12 + 8*b**3/3 - 3*b**2 - b. Calculate p(r).
-6
Let a(o) = 301*o**2 + 297*o**2 - 7*o - 9 - 894*o**2 + 306*o**2 - o**3. Give a(10).
-79
Let m(k) = 6*k**3 - 21*k**2 - 49*k - 1. Let h(s) = 7*s**3 - 24*s**2 - 59*s - 1. Let l(z) = 5*h(z) - 6*m(z). Let t = 5 - 0. Determine l(t).
21
Suppose 387*t - 39 = 3*j + 383*t, 0 = 2*j + 5*t + 3. Let u(x) = -4*x - 42. Let g(i) = -2*i - 21. Let h(o) = 13*g(o) - 6*u(o). Give h(j).
-3
Let o(x) = -14*x + 15*x - 21*x - 2*x. Give o(1).
-22
Let s(w) be the second derivative of w**5/20 + w**4/2 - w**3/3 - 5*w**2/2 - 4*w. Let b = 1460 - 1466. Give s(b).
7
Let n(b) = b + 8. Let m(k) = 6*k + 28. Let z be m(-5). Give n(z).
6
Let t(w) be the second derivative of 1/20*w**5 + 2/3*w**3 - 17*w + 3*w**2 - 5/12*w**4 - 5. What is t(4)?
6
Let m(l) be the second derivative of 13*l**3/6 + 114*l**2 + 4*l - 175. What is m(-18)?
-6
Let p(v) = 20477*v - 10240*v - v**3 - 25 + 15*v**2 - 10260*v. Give 